a composite number?
True
Is 1796935313 composite?
False
Is 2589157777 prime?
True
Is 92706832013 a composite number?
False
Is 925396193 a composite number?
False
Is 19762009598 composite?
True
Is 398630651 a composite number?
False
Is 4084528543 a prime number?
False
Is 129659627 composite?
False
Is 1232967227 prime?
True
Is 2813933119 a prime number?
False
Is 29740855181 prime?
True
Is 322247941 prime?
False
Is 39729124283 a prime number?
True
Is 13522302569 a prime number?
False
Is 15928102331 a composite number?
False
Is 5445479227 a composite number?
False
Is 1449265919 a prime number?
False
Is 136508320921 a composite number?
True
Is 551419819 prime?
True
Is 41071153 a prime number?
True
Is 8352290153 prime?
True
Is 107353507 a prime number?
True
Is 21450942307 composite?
False
Is 1289051651 composite?
True
Is 99039472001 a composite number?
False
Is 162124110623 a composite number?
False
Is 6653618963 a prime number?
False
Is 4608128663 a composite number?
True
Is 2099905579 prime?
True
Is 329926911 a prime number?
False
Is 3317255873 a composite number?
False
Is 534052823 prime?
True
Is 11100166277 composite?
True
Is 10118672957 composite?
False
Is 4672765621 prime?
False
Is 5675525873 prime?
True
Is 11041858507 prime?
True
Is 4192527263 a prime number?
False
Is 190525935151 composite?
False
Is 69441019 a composite number?
True
Is 4183183601 a prime number?
True
Is 46913827757 composite?
True
Is 12271298179 a composite number?
True
Is 1107385547 a prime number?
True
Is 406870439 composite?
False
Is 599191867 prime?
True
Is 6652754453 a composite number?
False
Is 5591216591 a composite number?
False
Is 538236419 prime?
False
Is 398251619 prime?
True
Is 59233671317 a prime number?
False
Is 1467117019 prime?
True
Is 477552997 a composite number?
False
Is 1061589713 prime?
False
Is 28891669 a composite number?
False
Is 9653320463 a prime number?
False
Is 726731527 a prime number?
True
Is 1291245313 a composite number?
True
Is 266816857 a prime number?
True
Is 4426485881 composite?
False
Is 16114769537 a prime number?
True
Is 1466220661 composite?
True
Is 1103879221 prime?
False
Is 24497245001 a prime number?
False
Is 2286882407 a prime number?
True
Is 16106680597 composite?
True
Is 113258219 a composite number?
True
Is 3793079999 composite?
False
Is 9450534479 a composite number?
False
Is 79900569911 a composite number?
True
Is 618650993 prime?
True
Is 3507065857 a prime number?
True
Is 696715127 prime?
True
Is 994556243 a prime number?
False
Is 6450960899 a prime number?
True
Is 219174811013 composite?
True
Is 5041786223 composite?
False
Is 171029363 a prime number?
False
Is 508720945859 a composite number?
True
Is 2875032559 prime?
False
Is 127205719 prime?
False
Is 501410233 prime?
True
Is 6092589847 a prime number?
True
Is 2597475547 composite?
False
Is 639701731 a prime number?
False
Is 7562988197 a composite number?
True
Is 12994845607 a composite number?
False
Is 11323523983 prime?
True
Is 14757891523 a prime number?
False
Is 1291256327 composite?
False
Is 7397773121 composite?
False
Is 1108186691 a composite number?
False
Is 58035367339 prime?
True
Is 857783233 prime?
True
Is 5651082691 a prime number?
False
Is 3811284013 composite?
True
Is 779528377 a prime number?
False
Is 1140042341 composite?
True
Is 58146386 a composite number?
True
Is 19496657 prime?
True
Is 104062606279 composite?
False
Is 573358393 a prime number?
True
Is 2350219357 composite?
False
Is 63240578711 a prime number?
False
Is 8912917501 composite?
True
Is 44322196277 a composite number?
True
Is 733487309 composite?
False
Is 16211112047 a prime number?
False
Is 242977739 a composite number?
False
Is 2366940011 composite?
True
Is 3212680099 a composite number?
False
Is 1889392541 a composite number?
False
Is 32617330919 a composite number?
False
Is 281928809 a prime number?
False
Is 200670599 prime?
True
Is 5519882513 a prime number?
True
Is 69168458253 a prime number?
False
Is 15977665097 prime?
False
Is 4252430707 a prime number?
False
Is 104755548593 a composite number?
False
Is 11609664203 a prime number?
False
Is 3349592689 composite?
False
Is 2340534281 prime?
True
Is 2096875969 prime?
True
Is 68424259933 a composite number?
False
Is 7289907329 prime?
False
Is 11747511493 composite?
True
Is 129678487 a composite number?
True
Is 78268842853 prime?
False
Is 31958618927 composite?
False
Is 26174203213 composite?
False
Is 31698041 prime?
True
Is 19284984491 composite?
True
Is 6632786431 composite?
True
Is 8629587163 composite?
False
Is 10722080069 composite?
False
Is 2141586323 a prime number?
False
Is 374700643 a composite number?
False
Is 231582349 composite?
False
Is 34556828723 a prime number?
True
Is 372942587 prime?
True
Is 1234138261 composite?
False
Is 13646149262 composite?
True
Is 13043496913 prime?
False
Is 32296388087 a prime number?
True
Is 3538716227 a prime number?
True
Is 2288201257 composite?
False
Is 3192798269 prime?
True
Is 16666208953 prime?
True
Is 842035063 prime?
True
Is 4143159649 a composite number?
False
Is 298169309 prime?
False
Is 11427484714 prime?
False
Is 11294868785 a composite number?
True
Is 3184959679 a composite number?
True
Is 791653721 composite?
True
Is 261556901 a composite number?
False
Is 18994215371 a prime number?
True
Is 812710027 a composite number?
False
Is 155733653 composite?
False
Is 8803013233 composite?
True
Is 22247270961 prime?
False
Is 5634707 composite?
True
Is 36310115 composite?
True
Is 900750967 a composite number?
True
Is 12840355931 prime?
False
Is 18187267739 a composite number?
True
Is 114676126 a prime number?
False
Is 1387946671 a composite number?
False
Is 13494668599 prime?
False
Is 2686795819 prime?
True
Is 30701678797 composite?
False
Is 50988816113 a prime number?
True
Is 957194102 composite?
True
Is 12781657729 a prime number?
True
Is 5408466073 prime?
True
Is 9066635579 a composite number?
False
Is 231617605001 a composite number?
False
Is 324029431 prime?
False
Is 853099211 prime?
False
Is 137115793 a composite number?
True
Is 356528191 a composite number?
True
Is 13282317291 a composite number?
True
Is 643024787 a prime number?
True
Is 3202152467 prime?
True
Is 2503486807 composite?
False
Is 564630271 composite?
False
Is 60026309803 a composite number?
True
Is 51799003 a composite number?
False
Is 1561049341 a prime number?
True
Is 363244169 composite?
True
Is 3703229533 a prime number?
True
Is 10243485787 composite?
False
Is 751131413 composite?
True
Is 530879857 a prime number?
True
Is 20473273 composite?
True
Is 130979445731 composite?
False
Is 33022705903 a prime number?
False
Is 295127857 prime?
False
Is 2094893057 a prime number?
True
Is 6208412573 composite?
True
Is 197628201055 prime?
False
Is 1022465194 prime?
False
Is 11836861833 composite?
True
Is 78342157 composite?
False
Is 197665642193 composite?
False
Is 311962429 a composite number?
True
Is 3561717179 composite?
True
Is 1052278771 a prime number?
True
Is 20611959729 a prime number?
False
Is 76244583 a composite number?
True
Is 1706885581 composite?
False
Is 1715571511 a prime number?
True
Is 131816065 a composite number?
True
Is 325531901 prime?
True
Is 188481647 prime?
True
Is 3494919301 a composite number?
False
Is 3141096097 a composite number?
True
Is 10139456185 a prime number?
False
Is 74265803 a composite number?
True
Is 39508903171 a composite number?
True
Is 52344340967 composite?
False
Is 47334783181 a composite number?
True
Is 5372116889 a composite number?
False
Is 67313692443 composite?
True
Is 2120457623 composite?
True
Is 417597797 a prime number?
True
Is 490959851 a prime number?
True
Is 68036797 prime?
False
Is 2021356033 prime?
True
Is 13965929309 a composite number?
True
Is 18485046197 prime?
True
Is 73322717821 composite?
False
Is 629766961 composite?
False
Is 778590103 prime?
False
Is 19846597621 a prime number?
True
Is 226578613 a composite number?
False
Is 937675181 a prime number?
False
Is 35867323 composite?
False
Is 990102613 prime?
True
Is 837305621 a composite number?
True
Is 1040409431 a composite number?
True
Is 42674799107 prime?
True
Is 5030804629 a prime number?
False
Is 735963511 a composite number?
False
Is 54205808533 a prime number?
True
Is 7020156989 a composite number?
False
Is 2